{"id":431,"date":"2024-02-08T18:37:27","date_gmt":"2024-02-08T17:37:27","guid":{"rendered":"https:\/\/janv11j.atelierssiteweb.com\/?page_id=431"},"modified":"2024-02-12T15:54:45","modified_gmt":"2024-02-12T14:54:45","slug":"osteopathie-de-la-femme-enceinte","status":"publish","type":"page","link":"https:\/\/cabinetclapeyron.fr\/?page_id=431","title":{"rendered":"Ost\u00e9opathie de la femme enceinte"},"content":{"rendered":"\n<p>Une consultation d&rsquo;ost\u00e9opathie pour une femme enceinte est une s\u00e9ance sp\u00e9cialis\u00e9e visant \u00e0 soutenir la sant\u00e9 et le bien-\u00eatre de la future m\u00e8re tout au long de sa grossesse. Men\u00e9e par un ost\u00e9opathe qualifi\u00e9 et exp\u00e9riment\u00e9 dans le domaine de la p\u00e9rinatalit\u00e9, cette consultation comprend plusieurs \u00e9tapes importantes.<\/p>\n\n\n\n<p>Tout d&rsquo;abord, l&rsquo;ost\u00e9opathe prend le temps de recueillir des informations d\u00e9taill\u00e9es sur l&rsquo;\u00e9tat de sant\u00e9 de la femme enceinte, ainsi que sur son historique m\u00e9dical et obst\u00e9trical. Il est essentiel de comprendre les \u00e9ventuels sympt\u00f4mes ou inconforts ressentis par la future maman, ainsi que les particularit\u00e9s de sa grossesse. Ses sympt\u00f4mes peuvent \u00eatre une lombalgie (douleur en bas du dos), sciatique, reflux gastro \u0153sophagien, constipation, syndrome du canal carpien. <\/p>\n\n\n\n<p>Ensuite, l&rsquo;ost\u00e9opathe effectue un examen physique minutieux pour \u00e9valuer la posture, la mobilit\u00e9 articulaire et les tensions musculaires de la femme enceinte. Cette \u00e9valuation permet de d\u00e9tecter d&rsquo;\u00e9ventuels d\u00e9s\u00e9quilibres ou dysfonctionnements qui pourraient \u00eatre exacerb\u00e9s par la grossesse.<\/p>\n\n\n\n<p>Une fois l&rsquo;\u00e9valuation initiale termin\u00e9e, l&rsquo;ost\u00e9opathe utilise des techniques manuelles douces et adapt\u00e9es \u00e0 la grossesse pour soulager les sympt\u00f4mes et favoriser le bien-\u00eatre g\u00e9n\u00e9ral de la future maman. Ces techniques peuvent inclure des manipulations douces, des \u00e9tirements sp\u00e9cifiques, des techniques de rel\u00e2chement musculaire et d&rsquo;autres interventions visant \u00e0 r\u00e9tablir l&rsquo;\u00e9quilibre dans le corps, pour cela un gym ball pourra \u00e9ventuellement \u00eatre utilis\u00e9. <\/p>\n\n\n\n<p>L&rsquo;ost\u00e9opathe peut \u00e9galement prodiguer des conseils pratiques \u00e0 la femme enceinte, notamment en ce qui concerne la posture, les exercices de renforcement et d&rsquo;\u00e9tirement adapt\u00e9s \u00e0 la grossesse, ainsi que des techniques de relaxation et de gestion du stress.<\/p>\n\n\n\n<p>En r\u00e9sum\u00e9, une consultation d&rsquo;ost\u00e9opathie pour une femme enceinte vise \u00e0 soutenir son bien-\u00eatre physique et \u00e9motionnel pendant cette p\u00e9riode importante de sa vie, en soulageant les douleurs et les tensions associ\u00e9es \u00e0 la grossesse et en favorisant un \u00e9tat de sant\u00e9 optimal pour elle et son b\u00e9b\u00e9 \u00e0 na\u00eetre.<\/p>\n\n\n\n<figure class=\"wp-block-image size-large\"><img fetchpriority=\"high\" decoding=\"async\" width=\"1024\" height=\"683\" src=\"https:\/\/cabinetclapeyron.fr\/wp-content\/uploads\/2024\/02\/pexels-yan-krukau-7155358-1024x683.jpg\" alt=\"\" class=\"wp-image-636\" srcset=\"https:\/\/cabinetclapeyron.fr\/wp-content\/uploads\/2024\/02\/pexels-yan-krukau-7155358-1024x683.jpg 1024w, https:\/\/cabinetclapeyron.fr\/wp-content\/uploads\/2024\/02\/pexels-yan-krukau-7155358-300x200.jpg 300w, https:\/\/cabinetclapeyron.fr\/wp-content\/uploads\/2024\/02\/pexels-yan-krukau-7155358-768x512.jpg 768w, https:\/\/cabinetclapeyron.fr\/wp-content\/uploads\/2024\/02\/pexels-yan-krukau-7155358-1536x1024.jpg 1536w, https:\/\/cabinetclapeyron.fr\/wp-content\/uploads\/2024\/02\/pexels-yan-krukau-7155358-2048x1365.jpg 2048w\" sizes=\"(max-width: 1024px) 100vw, 1024px\" \/><\/figure>\n","protected":false},"excerpt":{"rendered":"<p>Une consultation d&rsquo;ost\u00e9opathie pour une femme enceinte est une s\u00e9ance sp\u00e9cialis\u00e9e visant \u00e0 soutenir la sant\u00e9 et le bien-\u00eatre de [&hellip;]<\/p>\n","protected":false},"author":2,"featured_media":0,"parent":0,"menu_order":0,"comment_status":"closed","ping_status":"closed","template":"","meta":{"site-sidebar-layout":"default","site-content-layout":"","ast-site-content-layout":"default","site-content-style":"default","site-sidebar-style":"default","ast-global-header-display":"","ast-banner-title-visibility":"","ast-main-header-display":"","ast-hfb-above-header-display":"","ast-hfb-below-header-display":"","ast-hfb-mobile-header-display":"","site-post-title":"","ast-breadcrumbs-content":"","ast-featured-img":"","footer-sml-layout":"","ast-disable-related-posts":"","theme-transparent-header-meta":"","adv-header-id-meta":"","stick-header-meta":"","header-above-stick-meta":"","header-main-stick-meta":"","header-below-stick-meta":"","astra-migrate-meta-layouts":"default","ast-page-background-enabled":"default","ast-page-background-meta":{"desktop":{"background-color":"var(--ast-global-color-4)","background-image":"","background-repeat":"repeat","background-position":"center center","background-size":"auto","background-attachment":"scroll","background-type":"","background-media":"","overlay-type":"","overlay-color":"","overlay-opacity":"","overlay-gradient":""},"tablet":{"background-color":"","background-image":"","background-repeat":"repeat","background-position":"center center","background-size":"auto","background-attachment":"scroll","background-type":"","background-media":"","overlay-type":"","overlay-color":"","overlay-opacity":"","overlay-gradient":""},"mobile":{"background-color":"","background-image":"","background-repeat":"repeat","background-position":"center center","background-size":"auto","background-attachment":"scroll","background-type":"","background-media":"","overlay-type":"","overlay-color":"","overlay-opacity":"","overlay-gradient":""}},"ast-content-background-meta":{"desktop":{"background-color":"var(--ast-global-color-5)","background-image":"","background-repeat":"repeat","background-position":"center center","background-size":"auto","background-attachment":"scroll","background-type":"","background-media":"","overlay-type":"","overlay-color":"","overlay-opacity":"","overlay-gradient":""},"tablet":{"background-color":"var(--ast-global-color-5)","background-image":"","background-repeat":"repeat","background-position":"center center","background-size":"auto","background-attachment":"scroll","background-type":"","background-media":"","overlay-type":"","overlay-color":"","overlay-opacity":"","overlay-gradient":""},"mobile":{"background-color":"var(--ast-global-color-5)","background-image":"","background-repeat":"repeat","background-position":"center center","background-size":"auto","background-attachment":"scroll","background-type":"","background-media":"","overlay-type":"","overlay-color":"","overlay-opacity":"","overlay-gradient":""}},"footnotes":""},"class_list":["post-431","page","type-page","status-publish","hentry"],"yoast_head":"<!-- This site is optimized with the Yoast SEO plugin v27.3 - https:\/\/yoast.com\/product\/yoast-seo-wordpress\/ -->\n<title>Ost\u00e9opathie de la femme enceinte - Cabinet m\u00e9dical et dentaire 25 rue clapeyron<\/title>\n<meta name=\"robots\" content=\"index, follow, max-snippet:-1, max-image-preview:large, max-video-preview:-1\" \/>\n<link rel=\"canonical\" href=\"https:\/\/cabinetclapeyron.fr\/?page_id=431\" \/>\n<meta property=\"og:locale\" content=\"fr_FR\" \/>\n<meta property=\"og:type\" content=\"article\" \/>\n<meta property=\"og:title\" content=\"Ost\u00e9opathie de la femme enceinte - Cabinet m\u00e9dical et dentaire 25 rue clapeyron\" \/>\n<meta property=\"og:description\" content=\"Une consultation d&rsquo;ost\u00e9opathie pour une femme enceinte est une s\u00e9ance sp\u00e9cialis\u00e9e visant \u00e0 soutenir la sant\u00e9 et le bien-\u00eatre de [&hellip;]\" \/>\n<meta property=\"og:url\" content=\"https:\/\/cabinetclapeyron.fr\/?page_id=431\" \/>\n<meta property=\"og:site_name\" content=\"Cabinet m\u00e9dical et dentaire 25 rue clapeyron\" \/>\n<meta property=\"article:modified_time\" content=\"2024-02-12T14:54:45+00:00\" \/>\n<meta property=\"og:image\" content=\"https:\/\/cabinetclapeyron.fr\/wp-content\/uploads\/2024\/02\/pexels-yan-krukau-7155358-1024x683.jpg\" \/>\n<meta name=\"twitter:card\" content=\"summary_large_image\" \/>\n<script type=\"application\/ld+json\" class=\"yoast-schema-graph\">{\"@context\":\"https:\\\/\\\/schema.org\",\"@graph\":[{\"@type\":\"WebPage\",\"@id\":\"https:\\\/\\\/cabinetclapeyron.fr\\\/?page_id=431\",\"url\":\"https:\\\/\\\/cabinetclapeyron.fr\\\/?page_id=431\",\"name\":\"Ost\u00e9opathie de la femme enceinte - Cabinet m\u00e9dical et dentaire 25 rue clapeyron\",\"isPartOf\":{\"@id\":\"https:\\\/\\\/cabinetclapeyron.fr\\\/#website\"},\"primaryImageOfPage\":{\"@id\":\"https:\\\/\\\/cabinetclapeyron.fr\\\/?page_id=431#primaryimage\"},\"image\":{\"@id\":\"https:\\\/\\\/cabinetclapeyron.fr\\\/?page_id=431#primaryimage\"},\"thumbnailUrl\":\"https:\\\/\\\/cabinetclapeyron.fr\\\/wp-content\\\/uploads\\\/2024\\\/02\\\/pexels-yan-krukau-7155358-1024x683.jpg\",\"datePublished\":\"2024-02-08T17:37:27+00:00\",\"dateModified\":\"2024-02-12T14:54:45+00:00\",\"inLanguage\":\"fr-FR\",\"potentialAction\":[{\"@type\":\"ReadAction\",\"target\":[\"https:\\\/\\\/cabinetclapeyron.fr\\\/?page_id=431\"]}]},{\"@type\":\"ImageObject\",\"inLanguage\":\"fr-FR\",\"@id\":\"https:\\\/\\\/cabinetclapeyron.fr\\\/?page_id=431#primaryimage\",\"url\":\"https:\\\/\\\/cabinetclapeyron.fr\\\/wp-content\\\/uploads\\\/2024\\\/02\\\/pexels-yan-krukau-7155358-scaled.jpg\",\"contentUrl\":\"https:\\\/\\\/cabinetclapeyron.fr\\\/wp-content\\\/uploads\\\/2024\\\/02\\\/pexels-yan-krukau-7155358-scaled.jpg\",\"width\":2560,\"height\":1707},{\"@type\":\"WebSite\",\"@id\":\"https:\\\/\\\/cabinetclapeyron.fr\\\/#website\",\"url\":\"https:\\\/\\\/cabinetclapeyron.fr\\\/\",\"name\":\"Cabinet m\u00e9dical et dentaire 25 rue clapeyron\",\"description\":\"cabinet m\u00e9dical pluridisciplinaire pr\u00e8s des Batignolles\",\"publisher\":{\"@id\":\"https:\\\/\\\/cabinetclapeyron.fr\\\/#organization\"},\"potentialAction\":[{\"@type\":\"SearchAction\",\"target\":{\"@type\":\"EntryPoint\",\"urlTemplate\":\"https:\\\/\\\/cabinetclapeyron.fr\\\/?s={search_term_string}\"},\"query-input\":{\"@type\":\"PropertyValueSpecification\",\"valueRequired\":true,\"valueName\":\"search_term_string\"}}],\"inLanguage\":\"fr-FR\"},{\"@type\":\"Organization\",\"@id\":\"https:\\\/\\\/cabinetclapeyron.fr\\\/#organization\",\"name\":\"Cabinet m\u00e9dical et dentaire 25 rue clapeyron\",\"url\":\"https:\\\/\\\/cabinetclapeyron.fr\\\/\",\"logo\":{\"@type\":\"ImageObject\",\"inLanguage\":\"fr-FR\",\"@id\":\"https:\\\/\\\/cabinetclapeyron.fr\\\/#\\\/schema\\\/logo\\\/image\\\/\",\"url\":\"https:\\\/\\\/cabinetclapeyron.fr\\\/wp-content\\\/uploads\\\/2024\\\/02\\\/test-logo-3-OK.svg\",\"contentUrl\":\"https:\\\/\\\/cabinetclapeyron.fr\\\/wp-content\\\/uploads\\\/2024\\\/02\\\/test-logo-3-OK.svg\",\"width\":1084,\"height\":1084,\"caption\":\"Cabinet m\u00e9dical et dentaire 25 rue clapeyron\"},\"image\":{\"@id\":\"https:\\\/\\\/cabinetclapeyron.fr\\\/#\\\/schema\\\/logo\\\/image\\\/\"}}]}<\/script>\n<!-- \/ Yoast SEO plugin. -->","yoast_head_json":{"title":"Ost\u00e9opathie de la femme enceinte - Cabinet m\u00e9dical et dentaire 25 rue clapeyron","robots":{"index":"index","follow":"follow","max-snippet":"max-snippet:-1","max-image-preview":"max-image-preview:large","max-video-preview":"max-video-preview:-1"},"canonical":"https:\/\/cabinetclapeyron.fr\/?page_id=431","og_locale":"fr_FR","og_type":"article","og_title":"Ost\u00e9opathie de la femme enceinte - Cabinet m\u00e9dical et dentaire 25 rue clapeyron","og_description":"Une consultation d&rsquo;ost\u00e9opathie pour une femme enceinte est une s\u00e9ance sp\u00e9cialis\u00e9e visant \u00e0 soutenir la sant\u00e9 et le bien-\u00eatre de [&hellip;]","og_url":"https:\/\/cabinetclapeyron.fr\/?page_id=431","og_site_name":"Cabinet m\u00e9dical et dentaire 25 rue clapeyron","article_modified_time":"2024-02-12T14:54:45+00:00","og_image":[{"url":"https:\/\/cabinetclapeyron.fr\/wp-content\/uploads\/2024\/02\/pexels-yan-krukau-7155358-1024x683.jpg","type":"","width":"","height":""}],"twitter_card":"summary_large_image","schema":{"@context":"https:\/\/schema.org","@graph":[{"@type":"WebPage","@id":"https:\/\/cabinetclapeyron.fr\/?page_id=431","url":"https:\/\/cabinetclapeyron.fr\/?page_id=431","name":"Ost\u00e9opathie de la femme enceinte - Cabinet m\u00e9dical et dentaire 25 rue clapeyron","isPartOf":{"@id":"https:\/\/cabinetclapeyron.fr\/#website"},"primaryImageOfPage":{"@id":"https:\/\/cabinetclapeyron.fr\/?page_id=431#primaryimage"},"image":{"@id":"https:\/\/cabinetclapeyron.fr\/?page_id=431#primaryimage"},"thumbnailUrl":"https:\/\/cabinetclapeyron.fr\/wp-content\/uploads\/2024\/02\/pexels-yan-krukau-7155358-1024x683.jpg","datePublished":"2024-02-08T17:37:27+00:00","dateModified":"2024-02-12T14:54:45+00:00","inLanguage":"fr-FR","potentialAction":[{"@type":"ReadAction","target":["https:\/\/cabinetclapeyron.fr\/?page_id=431"]}]},{"@type":"ImageObject","inLanguage":"fr-FR","@id":"https:\/\/cabinetclapeyron.fr\/?page_id=431#primaryimage","url":"https:\/\/cabinetclapeyron.fr\/wp-content\/uploads\/2024\/02\/pexels-yan-krukau-7155358-scaled.jpg","contentUrl":"https:\/\/cabinetclapeyron.fr\/wp-content\/uploads\/2024\/02\/pexels-yan-krukau-7155358-scaled.jpg","width":2560,"height":1707},{"@type":"WebSite","@id":"https:\/\/cabinetclapeyron.fr\/#website","url":"https:\/\/cabinetclapeyron.fr\/","name":"Cabinet m\u00e9dical et dentaire 25 rue clapeyron","description":"cabinet m\u00e9dical pluridisciplinaire pr\u00e8s des Batignolles","publisher":{"@id":"https:\/\/cabinetclapeyron.fr\/#organization"},"potentialAction":[{"@type":"SearchAction","target":{"@type":"EntryPoint","urlTemplate":"https:\/\/cabinetclapeyron.fr\/?s={search_term_string}"},"query-input":{"@type":"PropertyValueSpecification","valueRequired":true,"valueName":"search_term_string"}}],"inLanguage":"fr-FR"},{"@type":"Organization","@id":"https:\/\/cabinetclapeyron.fr\/#organization","name":"Cabinet m\u00e9dical et dentaire 25 rue clapeyron","url":"https:\/\/cabinetclapeyron.fr\/","logo":{"@type":"ImageObject","inLanguage":"fr-FR","@id":"https:\/\/cabinetclapeyron.fr\/#\/schema\/logo\/image\/","url":"https:\/\/cabinetclapeyron.fr\/wp-content\/uploads\/2024\/02\/test-logo-3-OK.svg","contentUrl":"https:\/\/cabinetclapeyron.fr\/wp-content\/uploads\/2024\/02\/test-logo-3-OK.svg","width":1084,"height":1084,"caption":"Cabinet m\u00e9dical et dentaire 25 rue clapeyron"},"image":{"@id":"https:\/\/cabinetclapeyron.fr\/#\/schema\/logo\/image\/"}}]}},"_links":{"self":[{"href":"https:\/\/cabinetclapeyron.fr\/index.php?rest_route=\/wp\/v2\/pages\/431","targetHints":{"allow":["GET"]}}],"collection":[{"href":"https:\/\/cabinetclapeyron.fr\/index.php?rest_route=\/wp\/v2\/pages"}],"about":[{"href":"https:\/\/cabinetclapeyron.fr\/index.php?rest_route=\/wp\/v2\/types\/page"}],"author":[{"embeddable":true,"href":"https:\/\/cabinetclapeyron.fr\/index.php?rest_route=\/wp\/v2\/users\/2"}],"replies":[{"embeddable":true,"href":"https:\/\/cabinetclapeyron.fr\/index.php?rest_route=%2Fwp%2Fv2%2Fcomments&post=431"}],"version-history":[{"count":4,"href":"https:\/\/cabinetclapeyron.fr\/index.php?rest_route=\/wp\/v2\/pages\/431\/revisions"}],"predecessor-version":[{"id":637,"href":"https:\/\/cabinetclapeyron.fr\/index.php?rest_route=\/wp\/v2\/pages\/431\/revisions\/637"}],"wp:attachment":[{"href":"https:\/\/cabinetclapeyron.fr\/index.php?rest_route=%2Fwp%2Fv2%2Fmedia&parent=431"}],"curies":[{"name":"wp","href":"https:\/\/api.w.org\/{rel}","templated":true}]}}